44. Give g(-2).
-650
Let t(c) = 115*c - 537. Calculate t(5).
38
Let f(l) = -l**3 - 12*l**2 + 222*l - 387. Determine f(2).
1
Let f(h) = -h**3 + 30*h**2 - 26*h + 5. What is f(29)?
92
Let x(a) = a**2 + 46*a + 211. Determine x(-38).
-93
Let r(i) = 2*i**2 + 7*i + 25. Determine r(-8).
97
Let s(u) = u**3 - 12*u**2 + 47*u - 123. Give s(7).
-39
Let f(g) = 48*g - 4083. What is f(89)?
189
Let q(j) = -69*j - 835. Determine q(-12).
-7
Let i(j) = j**3 - 87*j**2 + 169*j + 83. What is i(85)?
-2
Let v(j) = -j**2 + 24*j - 47. What is v(4)?
33
Let l(t) = -303*t + 5953. Calculate l(20).
-107
Let v(j) = -124*j + 1338. Give v(8).
346
Let t(x) = x**2 + 4*x + 12. Give t(-10).
72
Let c(d) = -2*d**3 - 17*d**2 - 30*d - 139. Determine c(-8).
37
Let b(a) = -2*a**2 - 210*a + 13116. Give b(44).
4
Let k(r) = -r**2 + 1035*r + 5179. Determine k(-5).
-21
Let y(g) = -g**2 + 24*g + 454. Give y(-15).
-131
Let k(w) = 53*w**2 + 751*w + 106. Give k(-14).
-20
Let g(a) = -3*a**3 - 19*a**2 - 3*a + 11. Calculate g(-3).
-70
Let x(b) = -23*b + 1860. Give x(81).
-3
Let w(v) = 9866*v + 9846. What is w(-1)?
-20
Let s(k) = 49*k - 707. What is s(15)?
28
Let a(w) = -302*w - 1509. What is a(-7)?
605
Let n(b) = -5*b**3 - 50*b**2 + 15*b + 19. Calculate n(-10).
-131
Let f(x) = -x**3 - 22*x**2 - 85*x - 38. Give f(-17).
-38
Let u(p) = -p**3 + 16*p**2 - 21*p + 124. What is u(16)?
-212
Let l(z) = -213*z - 2564. Give l(-12).
-8
Let l(n) = 901*n + 7. What is l(0)?
7
Let n(d) = -19*d - 102. Give n(-5).
-7
Let x(d) = -d**3 - 2*d**2 - 60*d - 498. What is x(-6)?
6
Let c(q) = -q**2 + 48*q - 423. Give c(12).
9
Let n(b) = b**2 - 304*b + 2090. Determine n(7).
11
Let s(i) = 3*i**3 - 15*i**2 + 26*i - 109. Determine s(5).
21
Let f(w) = w**3 - 5*w**2 + 8*w + 50. Calculate f(-3).
-46
Let p(m) = 2*m**2 + 14*m - 27. Give p(2).
9
Let d(g) = -2*g**2 - 132*g - 1695. Give d(-49).
-29
Let o(n) = 3*n**3 + 81*n**2 - 53*n - 1435. Determine o(-27).
-4
Let i(s) = -68*s - 5985. Calculate i(-88).
-1
Let m(x) = -65*x**2 - 977*x - 46. What is m(-15)?
-16
Let g(p) = p**2 - 233*p + 3317. Determine g(218).
47
Let j(l) = -39*l - 408. Give j(-10).
-18
Let i(k) = 1164*k + 2383. Calculate i(-2).
55
Let q(h) = -8*h**2 - 543*h + 3280. Determine q(6).
-266
Let p(t) = -t**3 - 9*t**2 - 16*t - 77. Determine p(-8).
-13
Let r(z) = -z**3 + 64*z**2 + 20*z + 2959. Calculate r(65).
34
Let l(t) = -942*t - 6602. Calculate l(-7).
-8
Let q(c) = -2*c**3 - 8*c**2 - 84*c - 245. Determine q(-3).
-11
Let b(z) = -1447*z - 23093. Calculate b(-16).
59
Let g(v) = 22*v**2 + 176*v - 2819. Determine g(-16).
-3
Let n(b) = 3*b**2 + 102*b + 147. Give n(-32).
-45
Let n(j) = -515*j + 2054. Calculate n(4).
-6
Let s(w) = w**3 + 24*w**2 + 367*w + 7906. Determine s(-23).
-6
Let d(k) = k**3 - 8*k**2 + 2*k + 1. Give d(5).
-64
Let w(m) = 2*m**3 + 35*m**2 + 13*m - 43. Give w(-17).
25
Let q(z) = 160*z + 77. Give q(-1).
-83
Let c(u) = -u**3 - 43*u**2 - 83*u + 49. What is c(-41)?
90
Let b(y) = -136*y - 301. Determine b(-3).
107
Let s(c) = -c**2 - 9*c + 76. Give s(-15).
-14
Let j(d) = 16*d - 70. Calculate j(-9).
-214
Let h(x) = 16*x - 151. Determine h(10).
9
Let q(z) = -330*z - 5. Give q(0).
-5
Let o(a) = a**3 - 18*a**2 - 18*a + 627. What is o(18)?
303
Let l(u) = 7*u**3 - 3*u**2 - 6*u + 2. What is l(3)?
146
Let z(x) = -27*x**2 - 122*x + 258. Calculate z(-6).
18
Let v(i) = i**2 - 654*i - 3949. What is v(-6)?
11
Let s(l) = -76*l**3 + 3*l**2 - 7*l + 3. Give s(1).
-77
Let d(t) = t**2 + 11*t - 373. What is d(-26)?
17
Let z(n) = -3*n**3 + 218*n**2 + 75*n - 145. Calculate z(73).
1
Let d(l) = l**2 - 140*l - 998. Determine d(-7).
31
Let t(n) = 6*n**3 + 146*n**2 + 46*n - 36. Determine t(-24).
12
Let w(d) = -d**3 + 11*d**2 + 8*d - 77. Calculate w(11).
11
Let g(n) = -7*n + 93. What is g(10)?
23
Let b(a) = -30*a**3 + 5*a**2 + 150*a + 144. What is b(-1)?
29
Let g(w) = -231*w - 686. Give g(-3).
7
Let h(i) = 54*i**3 - 32*i**2 + 37*i - 7. Calculate h(1).
52
Let s(u) = 2*u**2 - 235*u - 620. Determine s(120).
-20
Let k(a) = 3*a**3 - 18*a**2 - 5*a + 18. Determine k(8).
362
Let x(k) = k**2 + 75*k + 902. What is x(-60)?
2
Let l(x) = 80*x - 27. Calculate l(-6).
-507
Let h(l) = l**3 - 5*l**2 + 17*l - 6. Determine h(9).
471
Let q(f) = f**3 - 6*f**2 + 3*f + 13. Calculate q(3).
-5
Let i(c) = -c**2 - 14*c - 5. Give i(-11).
28
Let i(d) = -d**3 - 96*d**2 - 92*d - 8. Calculate i(-95).
-293
Let v(k) = k**2 + 77*k - 3210. Determine v(30).
0
Let u(o) = -5*o**2 + 26*o + 9. Calculate u(5).
14
Let r(i) = -5*i**3 - 6*i**2 - 45*i + 144. Calculate r(3).
-180
Let l(g) = 95*g - 3783. Determine l(40).
17
Let i(w) = -112*w + 132. Give i(5).
-428
Let x(r) = r**2 - 51*r + 650. Determine x(24).
2
Let i(d) = -49*d + 3959. Calculate i(84).
-157
Let c(s) = -s**2 + 237*s + 3010. Calculate c(-12).
22
Let w(p) = 4*p**2 + 9*p - 14. Calculate w(5).
131
Let p(a) = -21*a + 731. Determine p(18).
353
Let t(z) = -337*z - 4925. Give t(-15).
130
Let l(k) = -k**3 + 23*k**2 + 78*k - 29. Calculate l(25).
671
Let p(g) = 3*g**3 + 8*g**2 + 10*g - 4. Give p(-5).
-229
Let x(h) = 88*h**2 - h + 11. Determine x(-1).
100
Let t(p) = -p**2 + 152. Determine t(0).
152
Let a(d) = -d**3 + 15*d**2 - 60*d + 994. Calculate a(15).
94
Let k(v) = v**3 - 36*v**2 + 9*v - 1393. Determine k(37).
309
Let f(i) = -i**3 - 20*i**2 + 90*i + 478. Give f(-23).
-5
Let q(c) = -108*c + 39. What is q(1)?
-69
Let c(d) = 2*d**3 + 23*d**2 + 11*d - 18. What is c(-11)?
-18
Let c(v) = -138*v**2 - 545*v + 16. What is c(-4)?
-12
Let c(f) = -38*f + 861. Give c(24).
-51
Let h(u) = -2*u**2 + 519*u - 1032. What is h(2)?
-2
Let i(g) = -2*g**3 - 5*g**2 + 8*g - 5. Calculate i(2).
-25
Let x(p) = 8*p - 51. What is x(25)?
149
Let l(c) = -18*c - 1786. Calculate l(-97).
-40
Let z(h) = -86*h + 193. Determine z(6).
-323
Let h(d) = -d**2 - 179*d + 7. Determine h(0).
7
Let t(o) = 2*o**2 + 144*o - 13. What is t(-74)?
283
Let g(n) = 3*n**3 - 94*n**2 - 70*n + 197. Calculate g(32).
5
Let d(p) = -2*p**2 + 14*p + 4. Give d(8).
-12
Let a(u) = -2*u**3 - u**2 + 58*u + 127. Calculate a(-3).
-2
Let u(v) = -2*v**2 + 4*v + 598. Determine u(-26).
-858
Let j(a) = 34*a - 27. Calculate j(-4).
-163
Let x(g) = -2*g**3 - 210*g**2 - g - 116. What is x(-105)?
-11
Let f(z) = 193*z - 2760. Determine f(14).
-58
Let f(u) = 47*u - 15. Determine f(8).
361
Let c(i) = -594*i + 594. Determine c(1).
0
Let v(f) = -f**2 + 6*f + 18. Calculate v(-5).
-37
Let m(v) = 3*v**3 + 83*v**2 + 53*v + 120. Give m(-27).
147
Let v(r) = 2*r**2 - 407*r + 10978. What is v(32)?
2
Let m(z) = 2*z**2 - 216*z + 826. Calculate m(104).
-6
Let w(i) = 7*i**2 + 31*i + 22. Calculate w(-3).
-8
Let j(p) = -5*p + 768. Calculate j(8).
728
Let j(x) = -x**3 - 16*x**2 + 313*x - 163. Calculate j(11).
13
Let r(k) = 3*k**2 - 2030*k + 25890. Determine r(13).
7
Let w(d) = -3864*d + 11651. Give w(3).
59
Let a(g) = 3140*g + 9384. What is a(-3)?
-36
Let c(z) = -z**3 - 3*z**2 + 8*z - 62. Calculate c(5).
-222
Let s(z) = -z**2 + 57*z + 177. What is s(60)?
-3
Let u(a) = -10*a**2 + 194*a + 949. Give u(23).
121
Let v(s) = -s**2 - 110*s - 2871. Determine v(-67).
10
Let c(n) = 24*n - 1951. Determine c(82).
17
Let f(w) = -w**3 + 10*w**2 + w - 140. Determine f(8).
-4
Let p(v) = -29*v**2 - 866*v + 137. Determine p(-30).
17
Let f(o) = -16*o**2 + 46*o + 6. Calculate f(4).
-66
Let u(d) = d**2 - 209*d + 2172. Give u(11).
-6
Let r(u) = 8*u**2 + 3*u + 5. Calculate r(0).
5
Let z(s) = -s**2 - 8*s + 588. Determine z(-30).
-72
Let m(w) = 6*w**3 + 5*w**2 - 12*w + 1. Give m(2).
45
Let k(x) = x**2 - 140*x - 1048. Calculate k(-7).
-19
Let h(k) = k**2 - 162*k - 26575. Determine h(263).
-12
Let k(n) = -9*n + 594. Give k(65).
9
Let i(f) = -35*f**2 + 141*f + 723. Determine i(7).
-5
Let p(g) = g**2 + 132*g + 2688. What is p(-108)?
96
Let o(q) = 6*q - 132. What is o(-37)?
-354
Let z(t) = 12*t + 66. Determine z(-5).
6
Let f(g) = -97*g**3 + 2*g**2 - 211*g + 210. What is f(1)?
-96
Let y(n) = n**3 - 23*n**2 - 37*n + 89. What is y(24)?
-223
Let u(k) = -k**3 + 15*k**2 - 50*k - 3. What is u(13)?
-315
Let z(m) = -m**2 + 491*m - 5758. What is z(12)?
-10
Let r(q) = -q**3 + 3*q**2 - 74*q + 233. Give r(3).
11
Let t(r) = -r**2 - 25*r + 31. Determine t(-26).
5
Let y(q) = 7*q**2 + 91*q + 5. Determine y(-14).
103
Let q(p) = -p**3 - 4*p**2 + 20*p + 13. Determine q(-7).
20
Let m(c) = -45*c**2 + 15*c. Give m(-1).
-60
Let i(h) = 